s of h.
2, 7
Suppose -13 = -3*n + 2. Suppose 5 = -n*b, 0 = l + 2*b - 3*b + 12. Let y = l + 29. What are the prime factors of y?
2
Let z = -11 - -17. Let v be (2/z)/((-1)/21). Let n = -3 - v. What are the prime factors of n?
2
Let k(p) = 6*p**2 - 1. Let z = 5 + -6. List the prime factors of k(z).
5
Suppose 3*s + s = -4, -5*l + 5*s + 50 = 0. Let x = l - 4. Suppose 0 = -x*y + 20 + 20. List the prime factors of y.
2
Let y = 17 + -10. Let l = y - 5. What are the prime factors of l?
2
Suppose 18 = 4*h - 6*h. Let j = h + 18. List the prime factors of j.
3
Suppose -2 = -4*x - n - 1, 4*x = -2*n - 2. Let l be 8/6*(-6)/(-4). Let v = x + l. What are the prime factors of v?
3
Let a(h) = 6*h**2 + 4. List the prime factors of a(2).
2, 7
Let h = 4 + -4. Suppose h*d - 5*d = 50. Let c = d - -19. What are the prime factors of c?
3
Let d be (-4)/(-2) - (-3 - -3). Suppose -d*u = a - 0*u - 6, 0 = -a + u + 21. List the prime factors of 4/a - 71/(-4).
2, 3
Let y = 3 + 6. Let u = y + -4. Suppose -u*v + 15 = -v - 5*l, -5*v = -2*l - 23. List the prime factors of v.
5
Let s(n) be the first derivative of -n**4/4 + 5*n**3/3 + 7*n**2/2 - 4*n - 4. List the prime factors of s(6).
2
Let w = 15 - -22. Suppose w = -2*c + 157. What are the prime factors of (c/35)/((-2)/(-14))?
2, 3
What are the prime factors of (-59)/(-4) + 1/4?
3, 5
Let s be -6*4/(-36)*-9. Let p(o) = 2*o**2 + 9*o. What are the prime factors of p(s)?
2, 3
Let a = 114 + -27. List the prime factors of a.
3, 29
Let d = 30 + -10. What are the prime factors of d?
2, 5
Let d = -43 + 72. Let l = -21 + d. List the prime factors of l.
2
Suppose -31*d - 335 = -36*d. What are the prime factors of d?
67
Let x = -8 + 20. Let r = x + 16. What are the prime factors of r?
2, 7
Let h = 10 - 3. What are the prime factors of (h/(-3))/(2/(-12))?
2, 7
Suppose 0 = -v - 8 + 10. List the prime factors of v.
2
List the prime factors of 39 - 0 - (-8)/4.
41
Suppose 4*p + 2*k - 114 = 0, -2*p + 14 + 40 = 2*k. What are the prime factors of p?
2, 3, 5
Let q(t) = -3*t**3 - t**2 - t + 18. Let w(g) = -4*g**3 - 2*g**2 - 2*g + 19. Let c(h) = 3*q(h) - 2*w(h). List the prime factors of c(0).
2
Suppose 0 = -p + 4*p + 357. Let c = p - -169. What are the prime factors of c?
2, 5
What are the prime factors of (-1 - (-49)/1)/(3/8)?
2
Let g be (15/(-6))/(1/(-2)). Suppose m + g*j = 16, 2*m - 3*j + 17 = 49. Let x = -9 + m. List the prime factors of x.
7
Let p(b) = b + 9. Let c be p(-5). Suppose 2*m - 6 = -c. List the prime factors of 4/(-1)*(m - 5).
2
Let r be 3*(-6)/9*1. Let s(p) = -p**3 - 3*p**2 - 2*p - 3. Let a be s(r). Let h = 2 - a. List the prime factors of h.
5
Let r(i) = -i**2 + 12*i. Let n = 5 + 5. List the prime factors of r(n).
2, 5
Suppose -88 - 57 = -5*r. Suppose l - r = -d, d + 83 = 3*l + 6*d. What are the prime factors of l?
31
Suppose -2 = -l - 0. Let a = 3 - l. List the prime factors of (0 - 1)*-3*a.
3
Let b(z) = z**2 + 4*z - 5. Let h be (1 - 0)/((-2)/22). Let o = 5 + h. What are the prime factors of b(o)?
7
Let o(c) = -c**3 - c**2 - 6*c - 4. What are the prime factors of o(-2)?
2, 3
Suppose 2*k + 36 = -2*k. Let z be (-2)/9 + (-29)/k. Suppose 2*c + z*c = 60. What are the prime factors of c?
2, 3
Suppose -8*z + 3*z + 120 = 0. Suppose o = 3*w - 5 - 11, 0 = w - 5*o - z. What are the prime factors of w?
2
Suppose 6*k + 22 + 14 = 0. Let n(g) = g**2 + 4*g + 10. What are the prime factors of n(k)?
2, 11
Let c = -47 + 135. What are the prime factors of c?
2, 11
Let s(y) be the first derivative of 5*y**2/2 + y - 2. Suppose 3*k + 6*r - 4 = 5*r, 0 = 2*k + 2*r - 4. What are the prime factors of s(k)?
2, 3
Let u(a) = -a**3 - 4*a**2 - a + 1. Let l be u(-4). Suppose 3*z - 6*z = -33. Let x = z - l. What are the prime factors of x?
2, 3
Let r(v) = -v**3 + 8*v**2 - 10*v + 4. Let y be r(7). Let h be (-339)/(-12) + (-2)/8. Let n = y + h. What are the prime factors of n?
11
Suppose 0*g - 20 = -2*g. Suppose 4*p = 2*p + g. Suppose 0*u - 70 = -p*u. What are the prime factors of u?
2, 7
Suppose 4*i = 0, 87 = c - i + 7. What are the prime factors of c?
2, 5
Let d = 6 + -2. Suppose -o + 58 = 4*o - 3*k, d*o + 4*k = 40. What are the prime factors of o?
11
Let w(c) = -c**3 + 7*c**2 - c + 7. Let a be w(7). Suppose 4*r - 2*g - 85 = r, 3*r - 5*g - 100 = a. List the prime factors of r.
5
List the prime factors of (-1 - -6)/((-3)/(-9)).
3, 5
Let w(z) = -2*z**3 - 2*z**2 - 3*z - 5. List the prime factors of w(-3).
2, 5
Let w(o) be the first derivative of -o**5/20 + o**4/2 + 3*o**2 - 2*o - 2. Let p(f) be the first derivative of w(f). List the prime factors of p(6).
2, 3
Let g(v) = v**3 - 12*v**2 - 12*v - 10. Let h be g(13). Suppose -80 = h*a - 5*a. What are the prime factors of a?
2, 5
Let m be ((-2)/(-4))/(1/(-24)). Let o(z) = z**3 + 11*z**2 - 13*z - 9. What are the prime factors of o(m)?
3
Let m = 35 - 21. List the prime factors of m.
2, 7
Let q(z) = -2*z**2 - z - 3. Let s be q(-3). Let u(v) = -4*v + 2. Let l be u(-6). Let a = s + l. List the prime factors of a.
2
Suppose -2*x = -4*x - 32. List the prime factors of -21*(-4)/x*-4.
3, 7
Let f = -28 + 41. Let d = f + -8. List the prime factors of d.
5
Suppose -6 = 3*q - 4*q. List the prime factors of 2/6 + 64/q.
11
Let i(k) = k**2 - 6*k + 1. Let b be i(5). Let t(a) = -a**3 - 4*a**2 - 4*a + 1. List the prime factors of t(b).
17
Let o(q) = q**3 + 5*q**2 - 5*q + 4. Let j be o(-5). Suppose j = 5*g + 4*l, 2*g + l - 32 = -2*g. What are the prime factors of g?
3
Let t(z) = z**2 - 4*z + 2. Let l be t(4). Suppose -j + l*j = -4*m - 8, 2*j = -4*m - 4. List the prime factors of j.
2
Suppose 2*q = -0*w - 2*w, 0 = q - 4*w - 25. List the prime factors of q.
5
Let c = 18 + -11. Suppose 0 = -v - c + 2. What are the prime factors of (2/v)/((-2)/100)?
2, 5
Let f(c) = c**3 + 8*c**2 + 2*c - 4. Let d be f(-7). Suppose -d = -4*u + 3*u. Suppose 2*b - u = -b + m, 3*b = 2*m + 26. List the prime factors of b.
2, 3
Suppose 4*q - 7*q = -45. Suppose -10 = -2*s + 2*t, 13 = 2*s + 2*t - 13. Let h = q - s. What are the prime factors of h?
2, 3
Suppose 6*c - 97 = 59. What are the prime factors of c?
2, 13
Suppose -5*q + 259 - 49 = 0. What are the prime factors of q?
2, 3, 7
Let o = 7 + -4. Let f = o + -18. What are the prime factors of (0 + (-6)/f)*25?
2, 5
Let h be (4/3)/(5/15). Let r(g) = -g + h*g - 2*g + 12. What are the prime factors of r(-9)?
3
Let h(a) = -a**3 - 2*a**2 + a + 1. Let x be h(-2). Let o = x - -6. Suppose -20 = -0*r - 4*r - 4*u, o*u = r - 5. List the prime factors of r.
5
Suppose 14*d = 16*d. Suppose -h - 5*u + 27 = d, -6*h + 5*h = 4*u - 23. What are the prime factors of h?
7
Let m(a) = 39*a**3 + 2*a**2 - 3*a + 2. List the prime factors of m(1).
2, 5
Let l be 2/2 - 38/1. Let u be (12/(-5))/(8/60). Let c = u - l. What are the prime factors of c?
19
Let z be 26/8 + (-1)/4. Suppose -3*i = -36 + z. What are the prime factors of i?
11
Let m be 53 - -1 - (-3 + 4). Suppose 28 = 3*i - m. Suppose -2*y + x = -i, 3*y - 2*x - 38 = -x. What are the prime factors of y?
11
Let k(o) = -39*o**3 + 3*o**2 + 3*o. List the prime factors of k(-2).
2, 3, 53
Suppose -2*n = 1 + 5. What are the prime factors of 58/3 - 2/n?
2, 5
Suppose -3*x = n - 476, -2*x - 2*x - 2*n = -634. List the prime factors of x.
3, 53
Let f(d) = -d**2 + 19*d - 4. Suppose 2*v - 7 = 3. Let u(i) = i**2 - 13*i + 3. Let c(z) = v*f(z) + 7*u(z). List the prime factors of c(-3).
7
Suppose -5*o + 6 = -2*o. Let m = -3 + o. List the prime factors of -1 + 1 + 6 + m.
5
Suppose f + 19 = 4*o, 0 = o - 4*f + 2 - 3. List the prime factors of o.
5
Suppose -3*t + 6 = 0, 4*t - 101 = -y + 3*t. What are the prime factors of y?
3, 11
Let x = 52 - 28. What are the prime factors of (x/5)/((-10)/(-50))?
2, 3
Let o(m) = -m**2 - 4*m + 5. Let x be o(-5). Let d(w) = w**2 + x*w + w**3 + 2*w**2 - 4*w. What are the prime factors of d(-3)?
2, 3
Let p(y) = -y**3 - 5*y**2 - 12*y - 21. List the prime factors of p(-6).
3, 29
Let j(r) be the third derivative of r**6/120 + r**5/20 - r**4/8 - r**3/3 + 2*r**2. What are the prime factors of j(-3)?
7
Let q = -10 - -4. Let d(l) = l**3 + 5*l**2 - 7*l + 4. List the prime factors of d(q).
2, 5
Let r be ((-8)/4)/(1 + 1). Let f(l) = 5 + 8*l**2 + 0*l + 0*l - 4. What are the prime factors of f(r)?
3
Suppose l + 2*l + 5 = 4*k, -5*k = l + 8. Let i = l + 7. List the prime factors of i.
2
Suppose 